{"id":6055,"date":"2013-04-13T23:13:37","date_gmt":"2013-04-13T23:13:37","guid":{"rendered":"http:\/\/uumajalaiset.se\/?page_id=6055"},"modified":"2018-09-24T20:05:24","modified_gmt":"2018-09-24T18:05:24","slug":"ruosufestivaali-2013","status":"publish","type":"page","link":"http:\/\/uumajalaiset.se\/?page_id=6055","title":{"rendered":"Ruosufestivaali 2013"},"content":{"rendered":"<p><a href=\"http:\/\/media.uumajalaiset.se\/2013\/04\/imagesCABYIG9M.jpg\"><img loading=\"lazy\" decoding=\"async\" class=\"alignnone size-full wp-image-6079\" alt=\"imagesCABYIG9M\" src=\"http:\/\/media.uumajalaiset.se\/2013\/04\/imagesCABYIG9M.jpg\" width=\"259\" height=\"194\" srcset=\"http:\/\/media.uumajalaiset.se\/2013\/04\/imagesCABYIG9M.jpg 259w, http:\/\/media.uumajalaiset.se\/2013\/04\/imagesCABYIG9M-150x112.jpg 150w\" sizes=\"auto, (max-width: 259px) 100vw, 259px\" \/><\/a><\/p>\n<p>&nbsp;<\/p>\n<ul>\n<li>2013-04-15 <a title=\"Ruosufestivaali; N\u00e4k\u00f6vammaisten p\u00e4iv\u00e4\" href=\"http:\/\/uumajalaiset.se\/?p=5797\" target=\"_blank\">Maanantaina n\u00e4k\u00f6vammaisten p\u00e4iv\u00e4<\/a><\/li>\n<li>2013-04-16 <a title=\"Tiistaina oli El\u00e4kel\u00e4isten p\u00e4iv\u00e4 m\u00f6kill\u00e4\" href=\"http:\/\/uumajalaiset.se\/?p=5825\">Tiistaina kokoontuivat El\u00e4kel\u00e4iset M\u00f6kill\u00e4<\/a><\/li>\n<li>2013-04-17 <a title=\"Sursilli\u00e4 lounaaksi\" href=\"http:\/\/uumajalaiset.se\/?p=5834\">Keskiviikon lounastreffit saivat Sursillist\u00e4 esimakua.<\/a><\/li>\n<li>2013-04-18 <a title=\"Torstaina satoi\" href=\"http:\/\/uumajalaiset.se\/?p=5861\">Torstaina satoi<\/a><\/li>\n<li>2013-04-19 <a title=\"Ruosufestivaaliviikon perjantaina zumbattiin\" href=\"http:\/\/uumajalaiset.se\/?p=5880\">Perjantaina tanssittiin zumbaa<\/a><\/li>\n<li>2013-04-20 <a title=\"Lauantaina oli lasten elokuvan ensi-ilta\" href=\"http:\/\/uumajalaiset.se\/?p=5914\" target=\"_blank\">Lauantaina oli lasten elokuvan ensi-ilta<\/a><\/li>\n<\/ul>\n<p><a href=\"http:\/\/uumajalaiset.se\/?page_id=1412\" target=\"_blank\">Ruosufestivaali 2012<\/a><\/p>\n<p>&nbsp;<\/p>\n<p>&nbsp;<\/p>\n","protected":false},"excerpt":{"rendered":"<p>&nbsp; 2013-04-15 Maanantaina n\u00e4k\u00f6vammaisten p\u00e4iv\u00e4 2013-04-16 Tiistaina kokoontuivat El\u00e4kel\u00e4iset M\u00f6kill\u00e4 2013-04-17 Keskiviikon lounastreffit saivat Sursillist\u00e4 esimakua. 2013-04-18 Torstaina satoi 2013-04-19 Perjantaina tanssittiin zumbaa 2013-04-20 Lauantaina oli lasten elokuvan ensi-ilta Ruosufestivaali 2012 &nbsp; &nbsp;<\/p>\n","protected":false},"author":1,"featured_media":0,"parent":0,"menu_order":0,"comment_status":"closed","ping_status":"closed","template":"","meta":{"footnotes":""},"class_list":["post-6055","page","type-page","status-publish","hentry"],"_links":{"self":[{"href":"http:\/\/uumajalaiset.se\/index.php?rest_route=\/wp\/v2\/pages\/6055","targetHints":{"allow":["GET"]}}],"collection":[{"href":"http:\/\/uumajalaiset.se\/index.php?rest_route=\/wp\/v2\/pages"}],"about":[{"href":"http:\/\/uumajalaiset.se\/index.php?rest_route=\/wp\/v2\/types\/page"}],"author":[{"embeddable":true,"href":"http:\/\/uumajalaiset.se\/index.php?rest_route=\/wp\/v2\/users\/1"}],"replies":[{"embeddable":true,"href":"http:\/\/uumajalaiset.se\/index.php?rest_route=%2Fwp%2Fv2%2Fcomments&post=6055"}],"version-history":[{"count":14,"href":"http:\/\/uumajalaiset.se\/index.php?rest_route=\/wp\/v2\/pages\/6055\/revisions"}],"predecessor-version":[{"id":7871,"href":"http:\/\/uumajalaiset.se\/index.php?rest_route=\/wp\/v2\/pages\/6055\/revisions\/7871"}],"wp:attachment":[{"href":"http:\/\/uumajalaiset.se\/index.php?rest_route=%2Fwp%2Fv2%2Fmedia&parent=6055"}],"curies":[{"name":"wp","href":"https:\/\/api.w.org\/{rel}","templated":true}]}}